7. Calculate k(-9).
0
Let t(b) = -b**2 - 9*b - 3. Calculate t(-9).
-3
Let x(d) = -21*d + 4. Determine x(1).
-17
Let a(k) = k**3 + 20*k**2 - 22*k + 7. Determine a(-21).
28
Let s(p) = p**3 - p**2 + p + 2. Determine s(-2).
-12
Let s(n) = 22*n - 411. Determine s(20).
29
Let c(z) = z**2 + 5*z + 12. What is c(-8)?
36
Let f(d) = d**3 - 9*d**2 - 9*d - 2. Determine f(10).
8
Let u(l) = -l**2 - 9*l - 3. What is u(-2)?
11
Let j(t) = 2*t**2 - 6*t + 2. Calculate j(4).
10
Let h(n) = n**3 + 2*n**2 + 5*n + 4. Calculate h(-2).
-6
Let i(w) = 2*w - 12. Determine i(10).
8
Let w(h) = -2*h**2 - 12*h - 2. Give w(-6).
-2
Let k(j) = j**2 + 7*j - 27. What is k(-11)?
17
Let h(f) = -7*f - 46. Determine h(-6).
-4
Let z(h) = 11*h + 2. Give z(4).
46
Let x(b) = -b**3 - 16*b**2 + 37*b + 24. Determine x(-18).
6
Let h(d) = -d**3 - 21*d**2 - 23*d - 21. Determine h(-20).
39
Let j(k) = k**2 + 5*k - 4. What is j(-8)?
20
Let i(m) = -m**2 - 15*m - 60. Calculate i(-5).
-10
Let u(l) = -2*l**2 - 11*l + 2. Give u(-6).
-4
Let d(y) = -2*y**2 + 13*y + 24. Calculate d(8).
0
Let m(t) = t**3 - 27*t**2 + 27*t - 18. Determine m(26).
8
Let f(g) = 29*g - 2. Determine f(-1).
-31
Let q(h) = -3*h**3 + h**2 + 3*h + 2. Give q(3).
-61
Let k(g) = g - 13. Calculate k(19).
6
Let s(d) = d**3 - 14*d**2 + 3*d + 1. Calculate s(14).
43
Let x(r) = 4*r - 11. What is x(5)?
9
Let n(w) = -w**2 - 10*w + 18. Give n(-8).
34
Let p(v) = 2*v**2 - 50*v - 55. Determine p(26).
-3
Let m(p) = p**2 + 6*p + 11. Give m(-2).
3
Let o(j) = j**3 - 6*j**2 + 5*j + 7. What is o(6)?
37
Let k(h) = -h**3 + 20*h**2 - 19*h - 1. What is k(19)?
-1
Let r(l) = -l**3 + 22*l**2 - l + 24. What is r(22)?
2
Let y(c) = -c**3 + 4*c**2 + 2*c - 13. Determine y(0).
-13
Let o(g) = -21*g - 430. Give o(-20).
-10
Let j(l) = -l**2 + 11*l - 7. Determine j(9).
11
Let c(l) = -16*l**3 + 2*l + 2. Determine c(-1).
16
Let q(l) = -l - 5. What is q(14)?
-19
Let l(f) = -f**2 + 3*f - 51. Give l(0).
-51
Let c(z) = -2*z**2 - 53*z + 209. Calculate c(-30).
-1
Let n(k) = 12*k - 48. Give n(4).
0
Let c(k) = -2*k - 9. Give c(3).
-15
Let m(l) = l**3 - 4*l**2 - 14*l + 8. Determine m(6).
-4
Let x(q) = q**3 + 9*q**2 + 13*q - 8. Give x(-6).
22
Let t(n) = n**3 - 8*n**2 + 9*n - 1. Calculate t(7).
13
Let m(c) = -c**2 + 39*c - 372. Calculate m(15).
-12
Let y(c) = 9*c**2 + 1. Determine y(-1).
10
Let d(k) = k**2 - 30*k + 34. What is d(28)?
-22
Let s(k) = k**3 + 9*k**2 + k - 16. Give s(-8).
40
Let w(i) = -i**2 + 15*i - 3. Determine w(6).
51
Let a(u) = -u**3 - 13*u**2 + 2*u + 25. Determine a(-13).
-1
Let j(s) = -s**3 + 3*s**2 + 4*s + 14. Give j(5).
-16
Let q(x) = 7*x - 6. Calculate q(-3).
-27
Let b(a) = -a**3 - 34*a**2 - 5*a - 151. What is b(-34)?
19
Let b(o) = o**3 + 5*o**2 - 8*o - 7. What is b(-6)?
5
Let l(k) = k**3 - 28*k**2 - 27*k - 69. Calculate l(29).
-11
Let u(n) = n**3 - 37*n**2 - 39*n + 32. What is u(38)?
-6
Let c(i) = i**3 + 2*i**2 + 2*i - 55. What is c(0)?
-55
Let r(h) = h**2 - 25*h - 64. What is r(27)?
-10
Let s(n) = -n**2 - 32*n - 242. Determine s(-20).
-2
Let k(s) = -s**3 + 10*s**2 + 11*s - 12. Calculate k(11).
-12
Let n(t) = t**2 - t + 23. Determine n(0).
23
Let i(t) = 115*t + 114. Give i(-1).
-1
Let c(r) = r**3 + 7*r**2 + 7*r - 4. Give c(-6).
-10
Let p(d) = -d**2 + 25*d + 120. Calculate p(29).
4
Let x(p) = -2*p**3 + 13*p**2 + 23*p + 8. Calculate x(8).
0
Let d(v) = -9*v - 94. Determine d(-10).
-4
Let d(n) = n**3 + 15*n**2 + 13*n + 8. What is d(-14)?
22
Let v(g) = g**3 - 6*g**2 + 3*g + 9. What is v(5)?
-1
Let d(m) = m**3 + 5*m**2 - m - 1. What is d(-5)?
4
Let k(d) = 2*d - 57. Give k(25).
-7
Let w(j) = 14*j**2 - 79*j - 79. Determine w(-1).
14
Let g(o) = -5*o - 13. Calculate g(-6).
17
Let l(n) = -n**3 - 16*n**2 + 17*n + 6. Calculate l(-17).
6
Let r(d) = d**2 - 14*d - 7. Determine r(10).
-47
Let p(i) = i - 16. Give p(16).
0
Let j(l) = -l**3 + 9*l**2 - 9*l + 5. Determine j(6).
59
Let j(y) = -5*y**2 + 2*y - 1. Give j(1).
-4
Let p(j) = j**2 - 3*j - 7. Give p(7).
21
Let r(i) = -6*i**3 + i + 1. Calculate r(-1).
6
Let o(i) = -i**2 + 2*i - 4. Determine o(2).
-4
Let z(b) = -b - 3. What is z(18)?
-21
Let n(c) = -2*c - 49. Calculate n(0).
-49
Let o(w) = w**3 - 30*w**2 + 28*w + 31. Calculate o(29).
2
Let q(l) = 7*l + 71. Determine q(-13).
-20
Let s(d) = -4*d**2 + 3*d + 1. Give s(-2).
-21
Let j(o) = -14*o + 226. What is j(16)?
2
Let q(r) = r**2 - 7*r - 2. Calculate q(5).
-12
Let l(t) = t**3 + 8*t**2 - 7*t - 7. What is l(-9)?
-25
Let a(y) = y**3 - y**2 - y - 43. Give a(0).
-43
Let j(d) = d**3 + 2*d**2 - d. Calculate j(-3).
-6
Let g(b) = 36*b + 332. Calculate g(-9).
8
Let a(v) = 2*v - 5. Give a(6).
7
Let r(l) = l**3 - 7*l**2 + 5*l + 3. Give r(5).
-22
Let f(n) = -n**3 + 7*n**2 + 11*n - 17. Give f(8).
7
Let x(r) = r**2 - 3*r + 2. What is x(2)?
0
Let b(f) = -2*f**3 - f**2 - 2*f - 94. What is b(0)?
-94
Let u(n) = n**3 + 8*n**2 + 15*n + 16. Calculate u(-6).
-2
Let h(v) = -2*v + 6. What is h(10)?
-14
Let b(m) = -3*m**3 - 2*m**2 + 1. Determine b(-2).
17
Let g(z) = z. What is g(6)?
6
Let l(x) = 3*x - 1. Calculate l(-7).
-22
Let n(k) = -k**2 - 5*k - 7. Calculate n(-4).
-3
Let a(p) = -p**3 + 5*p**2 + 7*p - 7. Give a(6).
-1
Let r(j) = -j**3 + 14*j**2 + 16*j - 7. Calculate r(15).
8
Let p(m) = -m**3 - 3*m**2 - 6*m - 3. Determine p(-2).
5
Let d(u) = u**3 - 2*u**2 + 8*u. Give d(4).
64
Let t(q) = -q**3 - 2*q**2 + 5*q + 4. Calculate t(-3).
-2
Let x(m) = -15*m - 2. Give x(2).
-32
Let w(m) = 9*m**2 + 2*m - 2. Calculate w(2).
38
Let z(f) = f**3 + 3*f**2 + 2*f + 2. Calculate z(-6).
-118
Let f(w) = -w**3 - 16*w**2 + 34*w - 37. Determine f(-18).
-1
Let h(f) = -f**2 - 50*f - 632. Determine h(-26).
-8
Let s(q) = q**3 + 2*q - 2. What is s(-3)?
-35
Let i(v) = v**3 + 10*v**2 - 9*v + 16. Determine i(-11).
-6
Let k(y) = -y**2 + y - 14. Calculate k(4).
-26
Let x(k) = 2*k**2 - 19*k + 7. Calculate x(9).
-2
Let v(o) = 9*o - 82. Give v(10).
8
Let o(t) = -8*t + 29. Calculate o(3).
5
Let q(y) = -y**2 + 15*y + 11. Calculate q(15).
11
Let v(z) = -10*z + 3. Calculate v(-3).
33
Let f(d) = -6*d - 23. What is f(-5)?
7
Let q(j) = -j**3 + 4*j**2 + 4*j + 3. Calculate q(-2).
19
Let m(y) = y**3 - 2*y**2 + 6*y - 3. Calculate m(4).
53
Let r(t) = t**2 - 3*t - 7. Give r(5).
3
Let p(w) = -3*w + 9. Calculate p(-3).
18
Let i(u) = 42*u + 75. Determine i(-2).
-9
Let r(k) = k + 7. Give r(-8).
-1
Let v(w) = w**3 - 5*w**2 - 3. Calculate v(5).
-3
Let s(f) = f + 1. Give s(3).
4
Let y(o) = -o + 6. Determine y(-4).
10
Let z(q) = -q**3 + 11*q**2 + 4*q + 28. Give z(10).
168
Let t(l) = l**2 + 8*l - 192. Determine t(10).
-12
Let h(u) = -u**2 - 6*u - 6. Give h(-8).
-22
Let j(d) = -d**2 - 11*d + 18. Calculate j(-9).
36
Let t(b) = -b**2 - 22*b - 26. What is t(-21)?
-5
Let n(h) = -5*h + 1. Give n(-6).
31
Let l(n) = -n**2 + 14*n + 20. Give l(8).
68
Let j(d) = -2*d + 5. Calculate j(7).
-9
Let p(s) = s**2 + 7*s + 7. What is p(-4)?
-5
Let m(g) = 2*g**2 - 16*g - 19. Determine m(9).
-1
Let j(b) = -b**3 + 12*b**2 - 10*b - 8. What is j(11)?
3
Let h(n) = 4*n - 56. Determine h(13).
-4
Let c(v) = v**3 - 11*v**2 + 6*v - 36. What is c(11)?
30
Let w(l) = 13*l**2 - l - 4. What is w(2)?
46
Let q(v) = v**2 - 5*v + 5. Calculate q(3).
-1
Let r(o) = -33*o. Determine r(-1).
33
Let y(a) = -11*a - 256. Determine y(-23).
-3
Let b(m) = 10*m - 3. Calculate b(-1).
-13
Let i(f) = -43*f + 239. Determine i(5).
24
Let u(y) = y**2 - 24*y - 7. What is u(24)?
-7
Let z(i) = i - 11. Calculate z(4).
-7
Let b(d) = d**2 - 5. Calculate b(3).
4
Let l(k) = 17*k + 2. Calculate l(2).
36
Let a(i) = -i**2 - 32*i - 130. What is a(-28)?
-18
Let q(y) = -y - 11. What is q(-14)?
3
Let b(c) = -10*c - 4. Calculate b(3).
-34
Let o(v) = -v**3 + 4*v**2 - 2*v - 1. What is o(5)?
-36
Let z(a) = a**3 - 7*a + 10. Calculate z(-3).
4
Let v(d) = -24*d - 88. What is v(-4)?
8
Let p(g) = g**3 + 9*g**2 - 7*g. Give p(-10).
-30
Let i(p) = 9*p - 83. Calculate i(13).
34
Let f(b) = b + 9. What is f(-12)?
-3
Let o(l) = -l**2 - 8*l + 78. Determine o(-11).
45
Let o(i) = -i**3 + 11*i**2 - 13*i + 4. What is o(10)?
-26
Let c(t) = -t**3 - 2*t**2 - 14*t - 21. What is c(-3)?
30
Let i(b) = -3*b**2 - 21*b - 10. Determine i(-11).
-142
Let a(v) = -4*v - 4. What is a(7)?
-32
Let y(l) = 18*l + 238. Give y(-13).
4
Let r(z) = -z**2 + 18*z - 23. Give r(17).
-6
Let m(a) = -a - 47. Give m(-9).
-38
Let k(q) = q - 5. Determine k(-16).
-21
Let x(k) = k**3